{"id":13,"date":"2019-12-03T11:41:14","date_gmt":"2019-12-03T10:41:14","guid":{"rendered":"http:\/\/eufobia.pl\/?post_type=product&#038;p=13"},"modified":"2024-02-15T20:45:07","modified_gmt":"2024-02-15T19:45:07","slug":"kwiat-wielu-nocy","status":"publish","type":"product","link":"https:\/\/eufobia.pl\/index.php\/produkt\/kwiat-wielu-nocy\/","title":{"rendered":"kwiat wielu nocy z podpisem &#8211; marta bijan"},"content":{"rendered":"","protected":false},"excerpt":{"rendered":"<h5><strong><i>(wszelkie pro\u015bby o specjalne, imienne dedykacje prosz\u0119 wpisywa\u0107 w uwagach do zam\u00f3wienia):<\/i><\/strong><\/h5>\n<p>&nbsp;<\/p>\n<p><strong>tomik poezji z podpisem<\/strong><\/p>\n<p>kwiat wielu nocy \u2013 marta bijan<\/p>\n<p>Oprawa mi\u0119kka, ze skrzyde\u0142kami.<\/p>\n<p>Ilo\u015b\u0107 stron: 94.<\/p>\n<p>Warszawa 2021, wydanie drugie<br \/>\nISBN 978-83-962176-0-8<\/p>\n","protected":false},"featured_media":962,"template":"","meta":[],"product_brand":[],"product_cat":[17],"product_tag":[],"class_list":{"0":"post-13","1":"product","2":"type-product","3":"status-publish","4":"has-post-thumbnail","6":"product_cat-ksiazki","8":"first","9":"instock","10":"shipping-taxable","11":"purchasable","12":"product-type-simple"},"_links":{"self":[{"href":"https:\/\/eufobia.pl\/index.php\/wp-json\/wp\/v2\/product\/13","targetHints":{"allow":["GET"]}}],"collection":[{"href":"https:\/\/eufobia.pl\/index.php\/wp-json\/wp\/v2\/product"}],"about":[{"href":"https:\/\/eufobia.pl\/index.php\/wp-json\/wp\/v2\/types\/product"}],"wp:featuredmedia":[{"embeddable":true,"href":"https:\/\/eufobia.pl\/index.php\/wp-json\/wp\/v2\/media\/962"}],"wp:attachment":[{"href":"https:\/\/eufobia.pl\/index.php\/wp-json\/wp\/v2\/media?parent=13"}],"wp:term":[{"taxonomy":"product_brand","embeddable":true,"href":"https:\/\/eufobia.pl\/index.php\/wp-json\/wp\/v2\/product_brand?post=13"},{"taxonomy":"product_cat","embeddable":true,"href":"https:\/\/eufobia.pl\/index.php\/wp-json\/wp\/v2\/product_cat?post=13"},{"taxonomy":"product_tag","embeddable":true,"href":"https:\/\/eufobia.pl\/index.php\/wp-json\/wp\/v2\/product_tag?post=13"}],"curies":[{"name":"wp","href":"https:\/\/api.w.org\/{rel}","templated":true}]}}

<h5><strong><i>(wszelkie prośby o specjalne, imienne dedykacje proszę wpisywać w uwagach do zamówienia):</i></strong></h5>
<p>&nbsp;</p>
<p><strong>tomik poezji z podpisem</strong></p>
<p>kwiat wielu nocy – marta bijan</p>
<p>Oprawa miękka, ze skrzydełkami.</p>
<p>Ilość stron: 94.</p>
<p>Warszawa 2021, wydanie drugie<br />
ISBN 978-83-962176-0-8</p>
